{"id":59,"date":"2026-04-11T16:54:29","date_gmt":"2026-04-11T14:54:29","guid":{"rendered":"https:\/\/marioobst.net\/diablo\/?page_id=59"},"modified":"2026-04-11T19:14:59","modified_gmt":"2026-04-11T17:14:59","slug":"tattoo","status":"publish","type":"page","link":"https:\/\/marioobst.net\/diablo\/tattoo\/","title":{"rendered":"Tattoo"},"content":{"rendered":"\n<h2 class=\"wp-block-heading\"><strong>Eine Geschichte unter der Haut<\/strong><\/h2>\n\n\n\n<h3 class=\"wp-block-heading\"><strong>Zwischen Nadeln, Tinte und Zeit<\/strong><\/h3>\n\n\n\n<p>Es beginnt oft mit einer Idee \u2013 manchmal klar, manchmal nur ein Gef\u00fchl. Jemand sitzt in einem Raum, irgendwo zwischen Erwartung und Nervosit\u00e4t, w\u00e4hrend das leise Summen einer Maschine die Stille durchbricht. Linien entstehen, Formen wachsen, und aus Gedanken wird etwas Bleibendes. Tattoos sind Geschichten, die nicht auf Papier geschrieben werden, sondern auf Haut \u2013 Schicht f\u00fcr Schicht, Stich f\u00fcr Stich.<\/p>\n\n\n\n<p>Manche Motive erz\u00e4hlen von Erinnerungen, andere von Tr\u00e4umen, wieder andere einfach vom Moment. Sie verbinden Vergangenheit und Zukunft, sichtbar f\u00fcr jeden und doch oft nur vollst\u00e4ndig verst\u00e4ndlich f\u00fcr die Person, die sie tr\u00e4gt. Und genau darin liegt ihre Kraft: in der Bedeutung, die unter der Oberfl\u00e4che liegt.<\/p>\n\n\n\n<p><\/p>\n\n\n\n<p><\/p>\n","protected":false},"excerpt":{"rendered":"<p>Tattoos sind Geschichten, die nicht auf Papier geschrieben werden, sondern auf Haut \u2013 Schicht f\u00fcr Schicht, Stich f\u00fcr Stich.<\/p>\n","protected":false},"author":1,"featured_media":35,"parent":0,"menu_order":0,"comment_status":"closed","ping_status":"closed","template":"","meta":{"inspiro_hide_title":false,"footnotes":""},"class_list":["post-59","page","type-page","status-publish","has-post-thumbnail","hentry"],"_links":{"self":[{"href":"https:\/\/marioobst.net\/diablo\/wp-json\/wp\/v2\/pages\/59","targetHints":{"allow":["GET"]}}],"collection":[{"href":"https:\/\/marioobst.net\/diablo\/wp-json\/wp\/v2\/pages"}],"about":[{"href":"https:\/\/marioobst.net\/diablo\/wp-json\/wp\/v2\/types\/page"}],"author":[{"embeddable":true,"href":"https:\/\/marioobst.net\/diablo\/wp-json\/wp\/v2\/users\/1"}],"replies":[{"embeddable":true,"href":"https:\/\/marioobst.net\/diablo\/wp-json\/wp\/v2\/comments?post=59"}],"version-history":[{"count":4,"href":"https:\/\/marioobst.net\/diablo\/wp-json\/wp\/v2\/pages\/59\/revisions"}],"predecessor-version":[{"id":96,"href":"https:\/\/marioobst.net\/diablo\/wp-json\/wp\/v2\/pages\/59\/revisions\/96"}],"wp:featuredmedia":[{"embeddable":true,"href":"https:\/\/marioobst.net\/diablo\/wp-json\/wp\/v2\/media\/35"}],"wp:attachment":[{"href":"https:\/\/marioobst.net\/diablo\/wp-json\/wp\/v2\/media?parent=59"}],"curies":[{"name":"wp","href":"https:\/\/api.w.org\/{rel}","templated":true}]}}